z + 3276. Give f(-4).
-6
Let i(o) be the second derivative of -o**4/6 + 11*o**3/2 - 84*o + 11. What is i(16)?
16
Let j(i) = 126 - 143 + 248*i - 118*i - 127*i - i**3. Calculate j(-3).
1
Suppose -3*h + 3*z = -29 + 95, -2*h - 44 = -3*z. Let w(n) = n**3 + 20*n**2 - 46*n - 37. Calculate w(h).
7
Let i = -171 - -166. Let d(j) = -2*j**3 - 2*j**2 - 15*j - 16. Let v(t) = 7*t**3 + 6*t**2 + 58*t + 64. Let y(p) = -11*d(p) - 3*v(p). What is y(i)?
4
Let y(h) = 240 - 13105*h + 13121*h - 19. Calculate y(-12).
29
Let s(j) = -2*j**2 + 25*j - 13. Let c be s(8). Suppose 35*f = c*f - 192. Let a(q) = q - 11. Determine a(f).
-3
Let o = 17 + -8. Let r(m) = -4*m**2 + 11*m + 4*m**2 - 15572 + 15566 - m**2. What is r(o)?
12
Suppose 15*o - 13*o + 2*o - 20 = 0. Let v(m) = 5*m - 13. Let l(z) = -z + 1. Let n(f) = -6*l(f) - v(f). What is n(o)?
12
Suppose -5*i + 6*d - 3*d = 1075, 0 = -5*i + 4*d - 1075. Let h = i + 218. Let m(k) = -3*k**2 + 4*k. Give m(h).
-15
Let s(y) = 53*y + 194. Let a(h) = 2*h**2 + 2*h - 24. Let f(w) = -a(w) - s(w). Calculate f(-24).
-2
Let t(o) = 15*o - 1. Suppose 12 = -y + 4*c + 39, -3*c = 3*y - 6. Suppose -5*k - 2*k = -y. Calculate t(k).
14
Let d(n) = -96*n**3 - 2*n - 2. Let w be d(-1). Suppose 0*p = -24*p + w. Let l(r) = 2*r - 6. Determine l(p).
2
Let u(p) = 4 + 19*p + 3 - 51*p - p**3 - 4 - 5*p**2 + 33*p. Give u(-4).
-17
Let r = -20801 - -20831. Let b(t) = t**2 - 29*t + 3. Calculate b(r).
33
Let v(p) be the second derivative of -p**3/6 - 14*p. Let y(z) = 1. Let w(t) = -t**2 + 4*t - 3. Let g(f) = -w(f) - y(f). Let s be g(4). Calculate v(s).
-2
Let o(k) = 9*k + 2. Let w = -86 - -79. Let t(u) = -8*u - 1. Let c(r) = 7*r + 1. Let g(a) = w*c(a) - 6*t(a). Let x(q) = -3*g(q) - o(q). Calculate x(1).
-5
Let z(t) = -3*t + 21. Suppose 8*y = 98*y - 810. Determine z(y).
-6
Let j(v) = 31 - 4*v + 26 + 32 + 28 - 123. Give j(-3).
6
Let t(x) = 3*x**2 - 14*x + 15. Let r(y) = 7*y**2 + 21*y - 23. Let u be r(1). What is t(u)?
20
Let b(p) = 10*p**3 + 1. Let t(l) = 647*l + 1939. Let n be t(-3). Give b(n).
-79
Suppose 5*j - 17 = -m, -m + j = -j - 10. Let p be 2/(-8) - (-51)/m. Let n(d) = 2*d - 2 + 0*d + p*d. Determine n(-2).
-14
Let n(v) be the third derivative of -v**6/120 + 23*v**5/60 - 11*v**4/12 + 11*v**3/6 - 4*v**2 - 36*v. Determine n(22).
11
Let s(i) = 4*i**3 - 4 - 4*i + 0*i**3 - 3*i**2 - 3*i**3 + 6*i**2. Let f(c) = -c**2 + 32*c - 249. Let l be f(13). Give s(l).
8
Let a(f) = f**2 - 28*f + 97. Let j(b) = 2*b**2 - 11*b - 133. Let g be j(12). Calculate a(g).
-18
Let y(g) = g**3 - g**2 + g - 1. Let k(o) = 3*o**3 + 4*o**2 - 8*o - 1. Let h(u) = -k(u) - 3*y(u). Let d be h(-1). Let n(w) = -2*w - 1 - 4*w + 3. Calculate n(d).
-22
Let u(x) = -3*x + 1. Suppose -3*j + 14 = i, -i - 16 = -2*i - 5*j. Suppose -16 = 7*m - i*m. Determine u(m).
-11
Let h be (-63)/(-14)*104/39. Let u(t) = -t**3 + 12*t**2 + t - 8. Determine u(h).
4
Suppose 0 = 6*u - 510 - 150. Let t = u + -105. Let o(a) = 37 + t*a**2 - 3*a**2 - 41 + 3*a - a**2. Give o(-3).
-4
Let o(s) be the third derivative of -2*s + 0 + 18*s**2 - 7/3*s**3 + 1/12*s**4. Give o(7).
0
Suppose 5*g = 3*x - 21, 0 = -x + 29*g - 25*g + 7. Let b(a) = -2*a**2 - 15*a**3 - 15*a**3 + 2 + 2*a - 11*a**3 - 3 + x*a**3. What is b(1)?
-35
Let f(t) be the second derivative of t**5/20 - 5*t**4/12 - t**3/6 - 2*t**2 - 80*t + 2. What is f(4)?
-24
Let u be -1*(-6685)/(-49) + 9/21. Let h = u + 140. Let y(w) = w**3 - 5*w**2 + 4*w - 9. Calculate y(h).
-9
Let v(l) = -5*l + 9*l + l + l + 0*l + 9. Determine v(-11).
-57
Let h(o) be the third derivative of o**5/30 - 4*o**4/3 + 7*o**3/2 + 2*o**2 - o + 812. Determine h(16).
21
Suppose 4*u = -3*i + 3, -9*u + 2 = 2*i - 5*u. Let v(n) = -4*n**2 + 7 - 3*n**2 + 3 - 6*n. Let g(b) = -b**2 + 1. Let x(z) = i*v(z) - 6*g(z). Calculate x(-6).
4
Let f(v) = -v + 3. Let n(o) = -1. Let x(q) = f(q) + 5*n(q). Let z be (-9)/(42*(-39)/(-182)). What is x(z)?
-1
Let i(r) = 47*r**2 - 24*r + 30. Let b(h) = -28*h**2 + 12*h - 14. Let k(d) = 5*b(d) + 3*i(d). Give k(8).
-12
Let u = 1859 + -1859. Let r(w) = -2*w**2 - 2*w - 19. Give r(u).
-19
Let f(d) = -4*d**3 + 3*d**2 - 14*d - 55. Let g(h) = 9*h**3 - 6*h**2 + 31*h + 119. Let y(v) = -13*f(v) - 6*g(v). Give y(-3).
40
Let p(s) be the third derivative of s**4/8 - 5*s**3/2 + 2*s**2 + 28. Let h(f) = -7*f + 32. Let k(u) = -2*h(u) - 5*p(u). Calculate k(0).
11
Let b(j) = -6 - 6 + 16 - 2*j**2 - j - 12. Let u(l) = l**2 - 12*l. Let f be u(12). What is b(f)?
-8
Suppose 3 = 10*x + 13. Let o be (-11)/x + (-96)/16. Let w(f) = -4*f - 7. Give w(o).
-27
Suppose -8*m - 7 = w - 59, 0 = -5*w - 3*m + 149. Let b(c) = 2*c - 63. Give b(w).
-7
Suppose 4*p + 27 = -c, -2*c + 2*p - 8 + 4 = 0. Let r(q) = -3 + q**2 + 37*q - 1 + 50*q - 81*q. What is r(c)?
3
Let o(b) = 2*b**2 - 196*b - 91. Let i(k) = -k**2 + 90*k + 46. Let d(t) = 13*i(t) + 6*o(t). What is d(5)?
-3
Let w(l) = -l - 1. Suppose 2*r = 260 - 20. Let i be r/16 + 1/2. Let c be i/(-5)*(-25)/10. Calculate w(c).
-5
Let i(z) = -z**3 + 4*z**2 - z + 1. Let h = 101 + -80. Suppose -24 = 15*w - h*w. Calculate i(w).
-3
Suppose -44*x + 94 + 302 = 0. Let q(c) = 4*c - 40. Calculate q(x).
-4
Let x(h) = -h**2 + h + 1. Let d(w) = -3*w**2 + 10*w - 3. Let i(v) = -d(v) + 4*x(v). Suppose 4*g + 429 - 569 = 24*g. Give i(g).
0
Let s(w) be the third derivative of w**4/24 + 17*w**3/6 - 5*w**2. Let g = -1180 + 1172. What is s(g)?
9
Let c(u) be the third derivative of 3*u**4/8 - 1530*u**2. Determine c(1).
9
Let o(x) = -x - 66669*x**2 + 66668*x**2 + 0*x - 1. Determine o(-3).
-7
Let h(k) = -k**3 + 10*k**2 + 26*k - 12. Let r = 3663 - 3651. Calculate h(r).
12
Suppose -9*m + 40 = -644. Let s = -70 + m. Suppose 0 = 2*v + 3*t + s, 5*v = 6*t - t + 10. Let d(g) = g + 7. Calculate d(v).
7
Suppose -14*z = -8*z. Let t(j) = z*j**2 + j - 7*j + 15 - j**2 + 7*j. Calculate t(0).
15
Let v(h) be the second derivative of 0 + 1/6*h**3 + 11/2*h**2 + 38*h. Determine v(-13).
-2
Suppose 3*h - 5*u = 90, 4*u - 2 = -14. Suppose -6*j = -j - h. Let m(z) = 3*z + 96. Let r(a) = 4*a + 147. Let t(s) = -3*m(s) + 2*r(s). Calculate t(j).
1
Let k(x) = 3*x + 4. Suppose -269 = -6*c + 319. Suppose y - c = -13*y. Determine k(y).
25
Let m(r) = 46*r + 19. Suppose 4*q - 21 = -o, 0 = 5*o - 4*q + 30 + 9. Calculate m(o).
-119
Suppose -2*h + 14 = -5*n, -5 = n - 3*h + 3. Let p be (2/5 - 1)/(n/(-30)). Let i(w) = -w**2 - 7*w + 2. What is i(p)?
-16
Let t(c) = 2*c + 46. Suppose 0 = 2*k + 5*s + 7, 2*k + 11*s + 28 = 9*s. What is t(k)?
4
Let j = -145 - -242. Let w = 10 + j. Let t = w + -99. Let z(g) = -g - 2. Calculate z(t).
-10
Let k(h) be the third derivative of h**5/12 - h**4/6 + 4*h**2. Let d = -360 + 371. Let l(f) = -15*f**2 + 11*f. Let a(z) = d*k(z) + 4*l(z). Give a(1).
-5
Suppose 2*w = 44 + 36. Let q = w + -38. Let g(v) = 2 - v - v + 2*v**q + 0 + 8*v. Calculate g(-5).
22
Let j(g) = g**3 - g - 2. Let m(c) = -38*c**3 - 32*c**3 - c + 77*c**3 - 15 - 6*c**2. Let x(n) = 6*j(n) - m(n). What is x(5)?
3
Let h be 126/90 - (0 - (-6)/(-10)). Let p(f) = 18*f + 2. What is p(h)?
38
Let w(y) = y**3 + 2*y**2 + 2*y + 4. Let m be w(-2). Suppose m = -0*j + 3*j - 15. Let n(x) = -x**3 + 7*x**2 - 7*x - 1. Calculate n(j).
14
Let r(n) = -n**3 - 12*n + 22*n + 28*n**2 - 30*n - 27*n - 2*n**2 + 15. Determine r(24).
39
Let h(w) = -13*w + 1. Let k(g) = g**2 + 6*g + 5. Let z be k(-10). Suppose 0 = -5*f - z. Let p(q) = q**2 + 7*q - 17. Let x be p(f). Give h(x).
-12
Let j = -8 - -9. Let z(u) be the third derivative of u**5/10 - u**4/24 + u**2 - 2*u - 103. Calculate z(j).
5
Suppose 0 = 11*s - 39 - 5. Let i(k) = k**3 - 3*k**2 - 6*k + 16. Let u be i(s). Let j(p) = -p**3 + 8*p**2 + 0*p - 3*p - 5 + 4*p. Determine j(u).
3
Let h(v) = -25*v**3 + 3*v**2 - 38*v - 6. Let c(b) = 21*b**3 + 37*b + 6. Let m(f) = 6*c(f) + 5*h(f). What is m(-13)?
-72
Let y(c) = c + 5. Let h(n) = 6*n**2 - 5*n + 6. Let g be 4/(-10) + 0 + 12/5. Let i be h(g). Suppose -3*q = -i + 5, 2*q - 10 = 2*v. Determine y(v).
5
Let g(i) = i**3 + 5*i**2 - 2*i. Suppose -2*s = -4*h + 162, h - 3*h + 85 = 3*s. Let n = 41 - h. Suppose -2*x - x - 15 = n. What is g(x)?
10
Let b = 150 + -146. Let w(q) = 2 + 3*q**3 - 4*q**2 - 4*q**3 - b*q**2 - 2*q**2. What is w(-10)?
2
Let o(f) = -f + 2 + 2*f + 2*f. Let x(l) = -l**3 + 7*l**2 + 18*l - 3. Let r(j) = j**2 + 11*j - 33. Let w be r(-14). Let y be x(w). Give o(y).
-7
Let o(x) = 2*x**3 + 3*x**2 - 8*x -